{"id":3320,"date":"2024-08-07T13:41:11","date_gmt":"2024-08-07T16:41:11","guid":{"rendered":"https:\/\/fghsaude.org.br\/home\/?page_id=3320"},"modified":"2024-08-14T14:15:30","modified_gmt":"2024-08-14T17:15:30","slug":"upa-es","status":"publish","type":"page","link":"https:\/\/fghsaude.org.br\/home\/servicos\/upa-es\/","title":{"rendered":"Unidades P\u00fablicas de Atendimento Especializado"},"content":{"rendered":"\n<p>As Unidades P\u00fablicas de Atendimento Especializado (UPA-Es) s\u00e3o servi\u00e7os ambulatoriais de m\u00e9dia e alta complexidade, vinculadas \u00e0 Secretaria de Sa\u00fade do Recife.<\/p>\n\n\n\n<div style=\"height:5px\" aria-hidden=\"true\" class=\"wp-block-spacer\"><\/div>\n\n\n\n<p>Com equipe multidisciplinar capacitada para atendimento integral, no hor\u00e1rio das 7h \u00e0s 19h, em dias \u00fateis, e acesso referenciado pela Central Municipal de Regula\u00e7\u00e3o, as UPA-Es buscam atender demandas por especialidades m\u00e9dicas e n\u00e3o m\u00e9dicas.<\/p>\n\n\n\n<div style=\"height:10px\" aria-hidden=\"true\" class=\"wp-block-spacer\"><\/div>\n\n\n\n<p>Ainda possuem alta resolubilidade em diagn\u00f3stico, j\u00e1 que os usu\u00e1rios podem fazer os exames no mesmo local da consulta, ou seja, o paciente que for a uma consulta cardiol\u00f3gica faz, na pr\u00f3pria unidade, exames como eletrocardiograma, ecocardiograma e teste ergom\u00e9trico.<\/p>\n\n\n\n<div style=\"height:10px\" aria-hidden=\"true\" class=\"wp-block-spacer\"><\/div>\n\n\n\n<p>Tamb\u00e9m disp\u00f5e de servi\u00e7o de reabilita\u00e7\u00e3o motora composto por equipe de Fisioterapia, Fonoaudiologia e Terapia Ocupacional.<\/p>\n\n\n\n<div style=\"height:10px\" aria-hidden=\"true\" class=\"wp-block-spacer\"><\/div>\n\n\n\n<p>Atualmente, a FGH \u00e9 respons\u00e1vel pela gest\u00e3o de duas UPA-Es:<\/p>\n\n\n\n<p><a href=\"https:\/\/fghsaude.org.br\/home\/unidade\/upa-e-mustardinha\/\"><strong>UPA-E Dr. Cyro de Andrade Lima<\/strong><\/a><\/p>\n\n\n\n<p><strong><a href=\"https:\/\/fghsaude.org.br\/home\/?post_type=unidade&amp;p=3519&amp;preview=true\">UPA-E Professor Fernando Figueira<\/a><\/strong><\/p>\n","protected":false},"excerpt":{"rendered":"<p>As Unidades P\u00fablicas de Atendimento Especializado (UPA-Es) s\u00e3o servi\u00e7os ambulatoriais de m\u00e9dia e alta complexidade, vinculadas \u00e0 Secretaria de Sa\u00fade do Recife.<\/p>\n","protected":false},"author":5,"featured_media":0,"parent":16,"menu_order":0,"comment_status":"closed","ping_status":"closed","template":"sub-servicos.php","meta":{"footnotes":""},"class_list":["post-3320","page","type-page","status-publish","hentry"],"yoast_head":"<!-- This site is optimized with the Yoast SEO plugin v27.4 - https:\/\/yoast.com\/product\/yoast-seo-wordpress\/ -->\n<title>Unidades P\u00fablicas de Atendimento Especializado - FGH \/ Funda&ccedil;&atilde;o Gest&atilde;o Hospitalar Martiniano Fernandes<\/title>\n<meta name=\"robots\" content=\"index, follow, max-snippet:-1, max-image-preview:large, max-video-preview:-1\" \/>\n<link rel=\"canonical\" href=\"https:\/\/fghsaude.org.br\/home\/servicos\/upa-es\/\" \/>\n<meta property=\"og:locale\" content=\"pt_BR\" \/>\n<meta property=\"og:type\" content=\"article\" \/>\n<meta property=\"og:title\" content=\"Unidades P\u00fablicas de Atendimento Especializado - FGH \/ Funda&ccedil;&atilde;o Gest&atilde;o Hospitalar Martiniano Fernandes\" \/>\n<meta property=\"og:description\" content=\"As Unidades P\u00fablicas de Atendimento Especializado (UPA-Es) s\u00e3o servi\u00e7os ambulatoriais de m\u00e9dia e alta complexidade, vinculadas \u00e0 Secretaria de Sa\u00fade do Recife.\" \/>\n<meta property=\"og:url\" content=\"https:\/\/fghsaude.org.br\/home\/servicos\/upa-es\/\" \/>\n<meta property=\"og:site_name\" content=\"FGH \/ Funda&ccedil;&atilde;o Gest&atilde;o Hospitalar Martiniano Fernandes\" \/>\n<meta property=\"article:modified_time\" content=\"2024-08-14T17:15:30+00:00\" \/>\n<meta name=\"twitter:card\" content=\"summary_large_image\" \/>\n<meta name=\"twitter:label1\" content=\"Est. tempo de leitura\" \/>\n\t<meta name=\"twitter:data1\" content=\"1 minuto\" \/>\n<script type=\"application\/ld+json\" class=\"yoast-schema-graph\">{\"@context\":\"https:\\\/\\\/schema.org\",\"@graph\":[{\"@type\":\"WebPage\",\"@id\":\"https:\\\/\\\/fghsaude.org.br\\\/home\\\/servicos\\\/upa-es\\\/\",\"url\":\"https:\\\/\\\/fghsaude.org.br\\\/home\\\/servicos\\\/upa-es\\\/\",\"name\":\"Unidades P\u00fablicas de Atendimento Especializado - FGH \\\/ Funda&ccedil;&atilde;o Gest&atilde;o Hospitalar Martiniano Fernandes\",\"isPartOf\":{\"@id\":\"https:\\\/\\\/fghsaude.org.br\\\/home\\\/#website\"},\"datePublished\":\"2024-08-07T16:41:11+00:00\",\"dateModified\":\"2024-08-14T17:15:30+00:00\",\"breadcrumb\":{\"@id\":\"https:\\\/\\\/fghsaude.org.br\\\/home\\\/servicos\\\/upa-es\\\/#breadcrumb\"},\"inLanguage\":\"pt-BR\",\"potentialAction\":[{\"@type\":\"ReadAction\",\"target\":[\"https:\\\/\\\/fghsaude.org.br\\\/home\\\/servicos\\\/upa-es\\\/\"]}]},{\"@type\":\"BreadcrumbList\",\"@id\":\"https:\\\/\\\/fghsaude.org.br\\\/home\\\/servicos\\\/upa-es\\\/#breadcrumb\",\"itemListElement\":[{\"@type\":\"ListItem\",\"position\":1,\"name\":\"In\u00edcio\",\"item\":\"https:\\\/\\\/fghsaude.org.br\\\/home\\\/\"},{\"@type\":\"ListItem\",\"position\":2,\"name\":\"Servi\u00e7os\",\"item\":\"https:\\\/\\\/fghsaude.org.br\\\/home\\\/servicos\\\/\"},{\"@type\":\"ListItem\",\"position\":3,\"name\":\"Unidades P\u00fablicas de Atendimento Especializado\"}]},{\"@type\":\"WebSite\",\"@id\":\"https:\\\/\\\/fghsaude.org.br\\\/home\\\/#website\",\"url\":\"https:\\\/\\\/fghsaude.org.br\\\/home\\\/\",\"name\":\"FGH \\\/ Funda&ccedil;&atilde;o Gest&atilde;o Hospitalar Martiniano Fernandes\",\"description\":\"Site da Funda&ccedil;&atilde;o Gest&atilde;o Hospitalar Martiniano Fernandes\",\"publisher\":{\"@id\":\"https:\\\/\\\/fghsaude.org.br\\\/home\\\/#organization\"},\"potentialAction\":[{\"@type\":\"SearchAction\",\"target\":{\"@type\":\"EntryPoint\",\"urlTemplate\":\"https:\\\/\\\/fghsaude.org.br\\\/home\\\/?s={search_term_string}\"},\"query-input\":{\"@type\":\"PropertyValueSpecification\",\"valueRequired\":true,\"valueName\":\"search_term_string\"}}],\"inLanguage\":\"pt-BR\"},{\"@type\":\"Organization\",\"@id\":\"https:\\\/\\\/fghsaude.org.br\\\/home\\\/#organization\",\"name\":\"FGH \\\/ Funda&ccedil;&atilde;o Gest&atilde;o Hospitalar Martiniano Fernandes\",\"url\":\"https:\\\/\\\/fghsaude.org.br\\\/home\\\/\",\"logo\":{\"@type\":\"ImageObject\",\"inLanguage\":\"pt-BR\",\"@id\":\"https:\\\/\\\/fghsaude.org.br\\\/home\\\/#\\\/schema\\\/logo\\\/image\\\/\",\"url\":\"https:\\\/\\\/fghsaude.org.br\\\/home\\\/wp-content\\\/uploads\\\/2022\\\/11\\\/logotipo.png\",\"contentUrl\":\"https:\\\/\\\/fghsaude.org.br\\\/home\\\/wp-content\\\/uploads\\\/2022\\\/11\\\/logotipo.png\",\"width\":182,\"height\":47,\"caption\":\"FGH \\\/ Funda&ccedil;&atilde;o Gest&atilde;o Hospitalar Martiniano Fernandes\"},\"image\":{\"@id\":\"https:\\\/\\\/fghsaude.org.br\\\/home\\\/#\\\/schema\\\/logo\\\/image\\\/\"},\"sameAs\":[\"https:\\\/\\\/www.instagram.com\\\/fghsaude\\\/\"]}]}<\/script>\n<!-- \/ Yoast SEO plugin. -->","yoast_head_json":{"title":"Unidades P\u00fablicas de Atendimento Especializado - FGH \/ Funda&ccedil;&atilde;o Gest&atilde;o Hospitalar Martiniano Fernandes","robots":{"index":"index","follow":"follow","max-snippet":"max-snippet:-1","max-image-preview":"max-image-preview:large","max-video-preview":"max-video-preview:-1"},"canonical":"https:\/\/fghsaude.org.br\/home\/servicos\/upa-es\/","og_locale":"pt_BR","og_type":"article","og_title":"Unidades P\u00fablicas de Atendimento Especializado - FGH \/ Funda&ccedil;&atilde;o Gest&atilde;o Hospitalar Martiniano Fernandes","og_description":"As Unidades P\u00fablicas de Atendimento Especializado (UPA-Es) s\u00e3o servi\u00e7os ambulatoriais de m\u00e9dia e alta complexidade, vinculadas \u00e0 Secretaria de Sa\u00fade do Recife.","og_url":"https:\/\/fghsaude.org.br\/home\/servicos\/upa-es\/","og_site_name":"FGH \/ Funda&ccedil;&atilde;o Gest&atilde;o Hospitalar Martiniano Fernandes","article_modified_time":"2024-08-14T17:15:30+00:00","twitter_card":"summary_large_image","twitter_misc":{"Est. tempo de leitura":"1 minuto"},"schema":{"@context":"https:\/\/schema.org","@graph":[{"@type":"WebPage","@id":"https:\/\/fghsaude.org.br\/home\/servicos\/upa-es\/","url":"https:\/\/fghsaude.org.br\/home\/servicos\/upa-es\/","name":"Unidades P\u00fablicas de Atendimento Especializado - FGH \/ Funda&ccedil;&atilde;o Gest&atilde;o Hospitalar Martiniano Fernandes","isPartOf":{"@id":"https:\/\/fghsaude.org.br\/home\/#website"},"datePublished":"2024-08-07T16:41:11+00:00","dateModified":"2024-08-14T17:15:30+00:00","breadcrumb":{"@id":"https:\/\/fghsaude.org.br\/home\/servicos\/upa-es\/#breadcrumb"},"inLanguage":"pt-BR","potentialAction":[{"@type":"ReadAction","target":["https:\/\/fghsaude.org.br\/home\/servicos\/upa-es\/"]}]},{"@type":"BreadcrumbList","@id":"https:\/\/fghsaude.org.br\/home\/servicos\/upa-es\/#breadcrumb","itemListElement":[{"@type":"ListItem","position":1,"name":"In\u00edcio","item":"https:\/\/fghsaude.org.br\/home\/"},{"@type":"ListItem","position":2,"name":"Servi\u00e7os","item":"https:\/\/fghsaude.org.br\/home\/servicos\/"},{"@type":"ListItem","position":3,"name":"Unidades P\u00fablicas de Atendimento Especializado"}]},{"@type":"WebSite","@id":"https:\/\/fghsaude.org.br\/home\/#website","url":"https:\/\/fghsaude.org.br\/home\/","name":"FGH \/ Funda&ccedil;&atilde;o Gest&atilde;o Hospitalar Martiniano Fernandes","description":"Site da Funda&ccedil;&atilde;o Gest&atilde;o Hospitalar Martiniano Fernandes","publisher":{"@id":"https:\/\/fghsaude.org.br\/home\/#organization"},"potentialAction":[{"@type":"SearchAction","target":{"@type":"EntryPoint","urlTemplate":"https:\/\/fghsaude.org.br\/home\/?s={search_term_string}"},"query-input":{"@type":"PropertyValueSpecification","valueRequired":true,"valueName":"search_term_string"}}],"inLanguage":"pt-BR"},{"@type":"Organization","@id":"https:\/\/fghsaude.org.br\/home\/#organization","name":"FGH \/ Funda&ccedil;&atilde;o Gest&atilde;o Hospitalar Martiniano Fernandes","url":"https:\/\/fghsaude.org.br\/home\/","logo":{"@type":"ImageObject","inLanguage":"pt-BR","@id":"https:\/\/fghsaude.org.br\/home\/#\/schema\/logo\/image\/","url":"https:\/\/fghsaude.org.br\/home\/wp-content\/uploads\/2022\/11\/logotipo.png","contentUrl":"https:\/\/fghsaude.org.br\/home\/wp-content\/uploads\/2022\/11\/logotipo.png","width":182,"height":47,"caption":"FGH \/ Funda&ccedil;&atilde;o Gest&atilde;o Hospitalar Martiniano Fernandes"},"image":{"@id":"https:\/\/fghsaude.org.br\/home\/#\/schema\/logo\/image\/"},"sameAs":["https:\/\/www.instagram.com\/fghsaude\/"]}]}},"_links":{"self":[{"href":"https:\/\/fghsaude.org.br\/home\/wp-json\/wp\/v2\/pages\/3320","targetHints":{"allow":["GET"]}}],"collection":[{"href":"https:\/\/fghsaude.org.br\/home\/wp-json\/wp\/v2\/pages"}],"about":[{"href":"https:\/\/fghsaude.org.br\/home\/wp-json\/wp\/v2\/types\/page"}],"author":[{"embeddable":true,"href":"https:\/\/fghsaude.org.br\/home\/wp-json\/wp\/v2\/users\/5"}],"replies":[{"embeddable":true,"href":"https:\/\/fghsaude.org.br\/home\/wp-json\/wp\/v2\/comments?post=3320"}],"version-history":[{"count":10,"href":"https:\/\/fghsaude.org.br\/home\/wp-json\/wp\/v2\/pages\/3320\/revisions"}],"predecessor-version":[{"id":3530,"href":"https:\/\/fghsaude.org.br\/home\/wp-json\/wp\/v2\/pages\/3320\/revisions\/3530"}],"up":[{"embeddable":true,"href":"https:\/\/fghsaude.org.br\/home\/wp-json\/wp\/v2\/pages\/16"}],"wp:attachment":[{"href":"https:\/\/fghsaude.org.br\/home\/wp-json\/wp\/v2\/media?parent=3320"}],"curies":[{"name":"wp","href":"https:\/\/api.w.org\/{rel}","templated":true}]}}